57 a factor of 262800055?
False
Is 10 a factor of 57413386?
False
Does 14 divide 39484739?
False
Is 2574747 a multiple of 81?
True
Is 2527 a factor of 853249131?
True
Is 1396 a factor of 4495449116?
False
Is 639 a factor of 4228263?
True
Is 69760499 a multiple of 116?
False
Is 22 a factor of 480942896?
False
Is 3882636380 a multiple of 1270?
True
Is 10 a factor of 35152790?
True
Is 741672240 a multiple of 1233?
False
Is 80 a factor of 41876800?
True
Does 1071 divide 57289477?
False
Does 21 divide 17155454?
False
Is 2154 a factor of 49522614?
True
Does 293 divide 172804353?
False
Is 5186473 a multiple of 136?
False
Does 11 divide 358551298?
False
Does 284 divide 60836253?
False
Does 3 divide 862843551?
True
Is 11 a factor of 79692745?
True
Is 434 a factor of 7279482?
True
Is 15 a factor of 6208564745?
False
Is 54 a factor of 176579784?
True
Is 126995817 a multiple of 12?
False
Does 10 divide 1045469780?
True
Is 732102845 a multiple of 12?
False
Is 712452 a multiple of 4?
True
Is 4328 a factor of 2814597944?
True
Does 6 divide 5023392?
True
Is 332 a factor of 23659980?
True
Does 495 divide 769523040?
True
Does 88 divide 1614712?
True
Does 19 divide 541367551?
True
Is 31 a factor of 659187127?
False
Is 394769496 a multiple of 4202?
True
Is 5506888 a multiple of 577?
True
Is 13707792 a multiple of 4533?
True
Is 5003165 a multiple of 17?
False
Is 164 a factor of 188255436?
True
Does 205 divide 5888010?
True
Does 197 divide 641667319?
False
Is 801 a factor of 35594700?
False
Does 117 divide 40654242?
False
Is 245722860 a multiple of 18?
True
Does 1161 divide 383281129?
False
Does 240 divide 281103840?
True
Is 45046443 a multiple of 15?
False
Is 30 a factor of 67609951?
False
Does 130 divide 1000018?
False
Is 5945415587 a multiple of 665?
False
Is 2105 a factor of 33168485?
True
Is 26 a factor of 2682126?
False
Does 542 divide 901275935?
False
Is 42 a factor of 11077332?
True
Is 179062605 a multiple of 5?
True
Is 435 a factor of 19502742?
False
Is 99922672 a multiple of 184?
True
Does 480 divide 29833920?
True
Is 14002118 a multiple of 17?
True
Is 585368522 a multiple of 53?
False
Is 521 a factor of 8673263?
False
Does 73 divide 265684155?
False
Is 226 a factor of 108234790?
True
Does 143 divide 934071424?
True
Is 41626525 a multiple of 5?
True
Is 1691 a factor of 95516632?
False
Is 72 a factor of 18633673?
False
Is 12 a factor of 20218152?
True
Is 8 a factor of 1347680?
True
Is 478427787 a multiple of 7?
False
Does 41 divide 91166398?
False
Does 21 divide 47552043?
True
Is 84378739 a multiple of 3327?
False
Is 300597748 a multiple of 13?
False
Does 79 divide 3061809?
False
Is 4162302424 a multiple of 124?
False
Is 453698347 a multiple of 96?
False
Does 134 divide 59088960?
False
Is 30352224 a multiple of 496?
True
Does 11 divide 888904283?
False
Is 9 a factor of 17129439?
True
Is 50786085 a multiple of 105?
True
Is 48425161 a multiple of 10?
False
Is 36 a factor of 346609845?
False
Is 513065266 a multiple of 14?
True
Does 71 divide 1351559976?
True
Is 344069964 a multiple of 1422?
True
Is 17 a factor of 14920543?
True
Is 2322 a factor of 1206362592?
True
Is 491 a factor of 12287503?
False
Does 348 divide 186949748?
False
Is 899906806 a multiple of 594?
False
Is 222 a factor of 288806904?
True
Is 12 a factor of 10316364?
True
Is 3491873 a multiple of 77?
True
Is 38 a factor of 4365858?
True
Does 19 divide 5032891?
True
Does 1722 divide 151004610?
False
Does 2839 divide 77887965?
True
Is 142514736 a multiple of 8216?
True
Is 17 a factor of 59827522?
True
Is 172266446 a multiple of 1218?
False
Does 2077 divide 215089166?
False
Is 6138000 a multiple of 110?
True
Is 1878017510 a multiple of 89?
False
Is 598373591 a multiple of 893?
False
Does 34 divide 4042290464?
True
Is 15 a factor of 3271074659?
False
Does 403 divide 147713698?
False
Is 744652874 a multiple of 67?
True
Does 476 divide 394950052?
True
Is 12 a factor of 240108984?
True
Does 2230 divide 128908755?
False
Is 187370134 a multiple of 19?
True
Is 830825331 a multiple of 247?
False
Does 12 divide 10043663?
False
Is 2107 a factor of 704530232?
True
Is 106923625 a multiple of 63?
False
Does 129 divide 4256325?
False
Does 2877 divide 836890530?
True
Is 31644373 a multiple of 111?
False
Is 38 a factor of 116123431?
False
Is 200 a factor of 59840000?
True
Does 11 divide 16759259?
True
Is 3658 a factor of 31330379?
False
Is 1036 a factor of 86517396?
True
Does 67 divide 3798133?
False
Is 47 a factor of 57593095?
True
Is 252273323 a multiple of 672?
False
Is 560831650 a multiple of 353?
False
Is 838158300 a multiple of 100?
True
Is 383709370 a multiple of 11?
True
Is 177 a factor of 270740534?
False
Is 49 a factor of 849261336?
True
Is 11 a factor of 145817444?
False
Does 66 divide 589480518?
True
Does 251 divide 469872?
True
Does 9 divide 8747199?
True
Is 8640143 a multiple of 67?
False
Does 53 divide 49516983?
False
Is 756940626 a multiple of 128?
False
Is 3570 a factor of 22805160?
True
Does 30 divide 72047138?
False
Is 405057928 a multiple of 664?
True
Does 3696 divide 6830094546?
False
Does 2856 divide 368217245?
False
Does 36 divide 65056380?
False
Is 12 a factor of 236397252?
True
Is 53034044 a multiple of 1047?
False
Is 1836589724 a multiple of 673?
False
Is 1133 a factor of 35667973?
True
Does 33 divide 325450818?
True
Does 163 divide 27697913?
False
Does 28 divide 8387649?
False
Does 6 divide 13122856?
False
Is 213657776 a multiple of 254?
False
Does 10 divide 147905350?
True
Is 25 a factor of 234939700?
True
Is 26433387 a multiple of 773?
False
Does 89 divide 538840370?
False
Does 16 divide 4063004?
False
Is 4 a factor of 4801992?
True
Is 155768868 a multiple of 356?
True
Does 172 divide 1750256201?
False
Does 413 divide 71146204?
False
Is 93 a factor of 554571555?
True
Is 10454757 a multiple of 429?
False
Is 104537664 a multiple of 8?
True
Does 15 divide 43153579?
False
Does 3358 divide 454001600?
True
Is 7 a factor of 19750225?
False
Does 125 divide 11443665?
False
Is 4 a factor of 213714020?
True
Is 91 a factor of 146201055?
True
Is 106 a factor of 4893596?
True
Is 20 a factor of 71641980?
True
Is 683 a factor of 356821018?
False
Does 112 divide 123928073?
False
Is 7794 a factor of 555657642?
True
Is 443 a factor of 434583886?
True
Is 1166243008 a multiple of 4?
True
Does 277 divide 389888100?
False
Does 12 divide 66991716?
True
Does 3575 divide 48659325?
True
Does 1145 divide 175799865?
True
Is 277243078 a multiple of 98?
True
Is 626512176 a multiple of 12?
True
Is 327959184 a multiple of 6?
True
Does 220 divide 468958160?
True
Is 1133924324 a multiple of 833?
False
Does 3 divide 30396981?
True
Does 39 divide 5263350339?
True
Is 20 a factor of 28896775?
False
Is 160 a factor of 349990880?
True
Is 8 a factor of 94229297?
False
Is 516 a factor of 37958978?
False
Is 113 a factor of 119277941?
True
Is 27052140 a multiple of 46?
True
Is 80 a factor of 426128484?
False
Does 5 divide 281045435?
True
Is 2415934 a multiple of 241?
False
Is 543714948 a multiple of 677?
True
Is 570603744 a multiple of 2052?
True
Is 15027274 a multiple of 74?
False
Does 14 divide 19873990?
False
Is 36 a factor of 114583068?
True
Does 65 divide 4215303?
False
Is 83016 a multiple of 36?
True
Is 5 a factor of 12057021?
False
Does 14 divide 77621124?
True
Is 14947618 a multiple of 41?
False
Is 4016362518 a multiple of 42?
True
Does 14 divide 638852944?
False
Is 108 a factor of 375694412?
False
Does 4 divide 6458108?
True
Is 1163 a factor of 1386923309?
False
Is 1208 a factor of 22025472?
False
Does 130 divide 256207120?
True
Is 418831296 a multiple of 2496?
True
Does 224 divide 2060239?
False
Is 860 a factor of 876356340?
True
Is 12710951 a multiple of 673?
True
Does 382 divide 154680968?
True
Is 569 a factor of 4963965?
False
Is 58945444 a multiple of 3267?
False
Is 1727482 a multiple of 43?
True
Does 4554 divide 170214858?
True
Is 8 a factor of 104290216?
True
Does 104 divide 4406584?
True
Is 5861709 a multiple of 59?
True
Is 1559955377 a multiple of 17?
True
Does 130 divide 733556070?
True
Does 466 divide 7634012?
True
Does 43 divide 72105195?
True
Is 309465360 a multiple of 810?
True
Does 5130 divide 168883339?
False
Is 2770 a factor of 3113094970?
True
Is 1186270008 a multiple of 4280?
False
Does 138 divide 